{"id":1112,"date":"2025-09-03T14:37:12","date_gmt":"2025-09-03T13:37:12","guid":{"rendered":"https:\/\/zstu.tg.edu.pl\/wp-new\/?page_id=1112"},"modified":"2026-09-04T12:45:08","modified_gmt":"2026-09-04T10:45:08","slug":"godziny-pracy-pedagoga","status":"publish","type":"page","link":"https:\/\/zstu.tg.edu.pl\/wp-new\/godziny-pracy-pedagoga\/","title":{"rendered":"Godziny pracy"},"content":{"rendered":"\n<p class=\"has-text-align-center wp-block-paragraph\"><strong>Pedagog szkolny<\/strong> <strong>i pedagog specjalny<\/strong><br>mgr Katarzyna Gottwald-Tomaszewska<br>w roku szkolnym 2026\/2027<\/p>\n\n\n\n<p class=\"wp-block-paragraph\">przyjmuje uczni\u00f3w i rodzic\u00f3w w ni\u017cej podanych porach<br>poniedzia\u0142ek 8:00 &#8211; 14:00<br>wtorek          8:00 &#8211; 14:00<br>\u015broda            8:00 &#8211; 14:00<br>czwartek     10:00 &#8211; 16:00<br>pi\u0105tek           8:00 &#8211; 14:00<\/p>\n\n\n\n<p class=\"has-text-align-center wp-block-paragraph\"><strong>Pedagog Specjalny <\/strong><br>mgr Hanna Penz<br>w roku szkolnym 2026\/2027<\/p>\n\n\n\n<p class=\"has-text-align-left wp-block-paragraph\">przyjmuje uczni\u00f3w i rodzic\u00f3w w ni\u017cej podanych porach<br>poniedzia\u0142ek 8:00 &#8211; 10:30<br>\u015broda           11:00 &#8211; 14:30<\/p>\n\n\n\n<p class=\"wp-block-paragraph\"><\/p>\n\n\n\n<p class=\"has-text-align-center wp-block-paragraph\"><strong>Psycholog<\/strong><br>mgr Paulina Czesnoi\u0107<br>w roku szkolnym 2026\/2027<\/p>\n\n\n\n<p class=\"has-text-align-left wp-block-paragraph\">przyjmuje uczni\u00f3w i rodzic\u00f3w w ni\u017cej podanych porach<br>poniedzia\u0142ek    8:00 &#8211; 14:00<br>wtorek             7:30 &#8211; 12:00<br>\u015broda             12:00 &#8211; 14:00<br>czwartek          8:00 &#8211; 14:00<br>pi\u0105tek            12:30 &#8211; 15:30<br><\/p>\n","protected":false},"excerpt":{"rendered":"<p>Pedagog szkolny i pedagog specjalnymgr Katarzyna Gottwald-Tomaszewskaw roku szkolnym 2026\/2027 przyjmuje uczni\u00f3w i rodzic\u00f3w w ni\u017cej podanych porachponiedzia\u0142ek 8:00 &#8211; 14:00wtorek 8:00 &#8211; 14:00\u015broda 8:00 &#8211; 14:00czwartek 10:00 &#8211; 16:00pi\u0105tek 8:00 &#8211; 14:00 Pedagog Specjalny mgr Hanna Penzw roku szkolnym 2026\/2027 przyjmuje uczni\u00f3w i rodzic\u00f3w w ni\u017cej podanych porachponiedzia\u0142ek 8:00 &#8211; 10:30\u015broda 11:00 &#8211; 14:30 [&hellip;]<\/p>\n","protected":false},"author":29,"featured_media":0,"parent":0,"menu_order":0,"comment_status":"closed","ping_status":"closed","template":"","meta":{"pgc_sgb_lightbox_settings":"","footnotes":""},"class_list":["post-1112","page","type-page","status-publish","hentry"],"_links":{"self":[{"href":"https:\/\/zstu.tg.edu.pl\/wp-new\/wp-json\/wp\/v2\/pages\/1112","targetHints":{"allow":["GET"]}}],"collection":[{"href":"https:\/\/zstu.tg.edu.pl\/wp-new\/wp-json\/wp\/v2\/pages"}],"about":[{"href":"https:\/\/zstu.tg.edu.pl\/wp-new\/wp-json\/wp\/v2\/types\/page"}],"author":[{"embeddable":true,"href":"https:\/\/zstu.tg.edu.pl\/wp-new\/wp-json\/wp\/v2\/users\/29"}],"replies":[{"embeddable":true,"href":"https:\/\/zstu.tg.edu.pl\/wp-new\/wp-json\/wp\/v2\/comments?post=1112"}],"version-history":[{"count":14,"href":"https:\/\/zstu.tg.edu.pl\/wp-new\/wp-json\/wp\/v2\/pages\/1112\/revisions"}],"predecessor-version":[{"id":11564,"href":"https:\/\/zstu.tg.edu.pl\/wp-new\/wp-json\/wp\/v2\/pages\/1112\/revisions\/11564"}],"wp:attachment":[{"href":"https:\/\/zstu.tg.edu.pl\/wp-new\/wp-json\/wp\/v2\/media?parent=1112"}],"curies":[{"name":"wp","href":"https:\/\/api.w.org\/{rel}","templated":true}]}}

<p class="has-text-align-center wp-block-paragraph"><strong>Pedagog szkolny</strong> <strong>i pedagog specjalny</strong><br>mgr Katarzyna Gottwald-Tomaszewska<br>w roku szkolnym 2026/2027</p>



<p class="wp-block-paragraph">przyjmuje uczniów i rodziców w niżej podanych porach<br>poniedziałek 8:00 &#8211; 14:00<br>wtorek          8:00 &#8211; 14:00<br>środa            8:00 &#8211; 14:00<br>czwartek     10:00 &#8211; 16:00<br>piątek           8:00 &#8211; 14:00</p>



<p class="has-text-align-center wp-block-paragraph"><strong>Pedagog Specjalny </strong><br>mgr Hanna Penz<br>w roku szkolnym 2026/2027</p>



<p class="has-text-align-left wp-block-paragraph">przyjmuje uczniów i rodziców w niżej podanych porach<br>poniedziałek 8:00 &#8211; 10:30<br>środa           11:00 &#8211; 14:30</p>



<p class="wp-block-paragraph"></p>



<p class="has-text-align-center wp-block-paragraph"><strong>Psycholog</strong><br>mgr Paulina Czesnoić<br>w roku szkolnym 2026/2027</p>



<p class="has-text-align-left wp-block-paragraph">przyjmuje uczniów i rodziców w niżej podanych porach<br>poniedziałek    8:00 &#8211; 14:00<br>wtorek             7:30 &#8211; 12:00<br>środa             12:00 &#8211; 14:00<br>czwartek          8:00 &#8211; 14:00<br>piątek            12:30 &#8211; 15:30<br></p>

<p>Pedagog szkolny i pedagog specjalnymgr Katarzyna Gottwald-Tomaszewskaw roku szkolnym 2026/2027 przyjmuje uczniów i rodziców w niżej podanych porachponiedziałek 8:00 &#8211; 14:00wtorek 8:00 &#8211; 14:00środa 8:00 &#8211; 14:00czwartek 10:00 &#8211; 16:00piątek 8:00 &#8211; 14:00 Pedagog Specjalny mgr Hanna Penzw roku szkolnym 2026/2027 przyjmuje uczniów i rodziców w niżej podanych porachponiedziałek 8:00 &#8211; 10:30środa 11:00 &#8211; 14:30 [&hellip;]</p>
