{"id":1159,"date":"2023-02-08T18:45:39","date_gmt":"2023-02-08T17:45:39","guid":{"rendered":"https:\/\/zstu.tg.edu.pl\/wp-new\/?page_id=1159"},"modified":"2023-02-08T18:45:39","modified_gmt":"2023-02-08T17:45:39","slug":"szkola-dzis","status":"publish","type":"page","link":"https:\/\/zstu.tg.edu.pl\/wp-new\/szkola-dzis\/","title":{"rendered":"Szko\u0142a dzi\u015b"},"content":{"rendered":"\n<p class=\"wp-block-paragraph\">Zesp\u00f3\u0142 Szk\u00f3\u0142 Techniczno-Us\u0142ugowych im. Jana Paw\u0142a II jest szko\u0142\u0105, kt\u00f3ra wros\u0142a w tradycj\u0119 miasta Tarnowskie G\u00f3ry. Kszta\u0142ci w nowoczesnych zawodach poszukiwanych na rynku krajowym i europejskim. Absolwenci s\u0105 dobrze przygotowani do podj\u0119cia dalszego kszta\u0142cenia i funkcjonowania w dynamicznie rozwijaj\u0105cym si\u0119 \u015bwiecie. Szko\u0142a wspiera wszechstronny rozw\u00f3j osobowo\u015bci ucznia, dba o w\u0142a\u015bciwe wychowanie m\u0142odzie\u017cy oparte na zasadach przyja\u017ani, wzajemnej pomocy, tolerancji, szacunku do drugiego cz\u0142owieka. Posiada bogat\u0105 baz\u0119 dydaktyczn\u0105: pracowni\u0119 teleinformatyczn\u0105, logistyczn\u0105, telekomunikacyjn\u0105. Szko\u0142a jest wyposa\u017cona w dwie nowoczesne pracownie komputerowe z dost\u0119pem do Internetu oraz pracownie multimedialne, skomputeryzowan\u0105 bibliotek\u0119 z bogatym ksi\u0119gozbiorem, estetyczne sale lekcyjne, pracownie do nauki j\u0119zyk\u00f3w obcych, sal\u0119 gimnastyczn\u0105, sal\u0119 do tenisa sto\u0142owego, sal\u0119 do zaj\u0119\u0107 z samoobrony, nowoczesne wielofunkcyjne boisko -Moje Boisko &#8222;Orlik 2012&#8221;.<\/p>\n\n\n\n<p class=\"wp-block-paragraph\">Zesp\u00f3\u0142 Szk\u00f3\u0142 Techniczno-Us\u0142ugowych to szko\u0142a, w kt\u00f3rej panuje przyjazna i \u017cyczliwa atmosfera, a m\u0142odzie\u017c czuje si\u0119 bezpiecznie. Zapewniamy uczniom bezp\u0142atne praktyki zawodowe, pomoc psychologiczno-pedagogiczn\u0105 oraz doradztwo zawodowe.<\/p>\n\n\n\n<p class=\"wp-block-paragraph\">M\u0142odzie\u017c rozwija swoje zainteresowania uczestnicz\u0105c w r\u00f3\u017cnych formach zaj\u0119\u0107 pozalekcyjnych. W szkole dzia\u0142a: Szkolny Klub Europejski, Samorz\u0105d Uczniowski, Powiatowa Rada M\u0142odzie\u017cy, Szkolne Ko\u0142o PCK, ko\u0142o SKS (pi\u0142ka r\u0119czna, no\u017cna, siatkowa, koszykowa i tenis sto\u0142owy), Ko\u0142o Elektroniczne. W roku szkolnym 2006\/2007 uczniowie korzystali z zaj\u0119\u0107 dodatkowych z j\u0119zyka angielskiego, j\u0119zyka niemieckiego, informatyki oraz z zaj\u0119\u0107 sportowych w ramach unijnego projektu &#8222;Uczymy si\u0119 nie dla szko\u0142y, lecz dla \u017cycia&#8221;. W nastepnym roku m\u0142odzie\u017c naszej szko\u0142y wzi\u0119\u0142a udzia\u0142 w mi\u0119dzynarodowej wymianie w ramach projektu Socrates-Comenius i wsp\u00f3\u0142pracowa\u0142a z m\u0142odzie\u017c\u0105 szk\u00f3\u0142 \u015brednich z Turcji i Francji. W roku 2011\/2012 w szkole go\u015bci\u0142 asystent z Turcji w ramach projektu Comenius Asystentura.<\/p>\n\n\n\n<p class=\"wp-block-paragraph\">Od 2000 roku atrakcj\u0105 Zespo\u0142u Szk\u00f3\u0142 Techniczno-Us\u0142ugowych jest VI Liceum Og\u00f3lnokszta\u0142c\u0105ce zwane mun<\/p>\n\n\n\n<p class=\"wp-block-paragraph\">durowym. To tutaj m\u0142odzie\u017c ma szanse zetkni\u0119cia si\u0119 z tajnikami s\u0142u\u017cby wojskowej, uczestniczy\u0107 w atrakcyjnych zaj\u0119ciach z musztry i w wakacyjnym obozie wojskowym. Liceum to przygotowuje do pracy w s\u0142u\u017cbach mundurowych. W roku szkolnym 2009\/2010 utworzono kolejne klasy mundurowe, tym razem o specjalno\u015bci policyjnej &#8211; &#8222;Policja w s\u0142u\u017cbie dla spo\u0142ecze\u0144stwa&#8221;.<\/p>\n\n\n\n<p class=\"wp-block-paragraph\">W kolejnym roku powsta\u0142a klasa po\u017carnicza, gdzie realizowany jest program innowacyjny &#8222;Po\u017carnictwo &#8211; prewencja i walka z zagro\u017ceniami&#8221;.<\/p>\n\n\n\n<p class=\"wp-block-paragraph\">W roku szkolnym 2012\/2013 w VI LO funkcjonuje 11 oddzia\u0142\u00f3w. Szko\u0142a wsp\u00f3\u0142pracuje<br>z 5 Tarnog\u00f3rskim Pu\u0142kiem Chemicznym, z Komend\u0105 Powiatow\u0105 Policji w Tarnowskich G\u00f3rach,<br>z Komend\u0105 Powiatow\u0105 Pa\u0144stwowej Stra\u017cy Po\u017carnej w Tarnowskich G\u00f3rach.<\/p>\n\n\n\n<p class=\"wp-block-paragraph\">16 pa\u017adziernika 2012 roku w ZSTU podpisano porozumienie pomi\u0119dzy Komendantem Powiatowym Policji w Tarnowskich G\u00f3rach a Starost\u0105 Tarnog\u00f3rskim w zakresie szeroko pojmowanej profilaktyki. B\u0119dzie ono obejmowa\u0142o dzia\u0142ania dydaktyczno-wychowawcze, dzi\u0119ki kt\u00f3rym uczniowie zdob\u0119d\u0105 wiedz\u0119 i umiej\u0119tno\u015bci odno\u015bnie bezpiecze\u0144stwa, przeciwdzia\u0142ania patologiom oraz post\u0119powania w sytuacjach zagro\u017cenia m\u0142odzie\u017cy przest\u0119pczo\u015bci\u0105 i demoralizacj\u0105. Komendant Powiatowy Policji obj\u0105\u0142 honorowym patronatem mundurowe klasy policyjne naszej szko\u0142y.<\/p>\n\n\n\n<p class=\"wp-block-paragraph\">W Technikum nr 12 w roku szkolnym 2012\/2013 istniej\u0105 4 oddzia\u0142y o specjalno\u015bciach technik logistyk i technik teleinformatyk. Szko\u0142a przyst\u0105pi\u0142a do projektu &#8222;Mam zaw\u00f3d &#8211; mam prac\u0119 w regionie&#8221;. W ramach zaj\u0119\u0107 praktycznych szko\u0142a wsp\u00f3\u0142pracuje z firmami logistycznymi i teleinformatycznymi. Na szczeg\u00f3ln\u0105 uwag\u0119 zas\u0142uguje wsp\u00f3\u0142praca z Mi\u0119dzynarodowym Lotniskiem Katowice-Pyrzowice GTL S.A.<\/p>\n","protected":false},"excerpt":{"rendered":"<p>Zesp\u00f3\u0142 Szk\u00f3\u0142 Techniczno-Us\u0142ugowych im. Jana Paw\u0142a II jest szko\u0142\u0105, kt\u00f3ra wros\u0142a w tradycj\u0119 miasta Tarnowskie G\u00f3ry. Kszta\u0142ci w nowoczesnych zawodach poszukiwanych na rynku krajowym i europejskim. Absolwenci s\u0105 dobrze przygotowani do podj\u0119cia dalszego kszta\u0142cenia i funkcjonowania w dynamicznie rozwijaj\u0105cym si\u0119 \u015bwiecie. Szko\u0142a wspiera wszechstronny rozw\u00f3j osobowo\u015bci ucznia, dba o w\u0142a\u015bciwe wychowanie m\u0142odzie\u017cy oparte na zasadach [&hellip;]<\/p>\n","protected":false},"author":29,"featured_media":0,"parent":0,"menu_order":0,"comment_status":"closed","ping_status":"closed","template":"","meta":{"pgc_sgb_lightbox_settings":"","footnotes":""},"class_list":["post-1159","page","type-page","status-publish","hentry"],"_links":{"self":[{"href":"https:\/\/zstu.tg.edu.pl\/wp-new\/wp-json\/wp\/v2\/pages\/1159","targetHints":{"allow":["GET"]}}],"collection":[{"href":"https:\/\/zstu.tg.edu.pl\/wp-new\/wp-json\/wp\/v2\/pages"}],"about":[{"href":"https:\/\/zstu.tg.edu.pl\/wp-new\/wp-json\/wp\/v2\/types\/page"}],"author":[{"embeddable":true,"href":"https:\/\/zstu.tg.edu.pl\/wp-new\/wp-json\/wp\/v2\/users\/29"}],"replies":[{"embeddable":true,"href":"https:\/\/zstu.tg.edu.pl\/wp-new\/wp-json\/wp\/v2\/comments?post=1159"}],"version-history":[{"count":1,"href":"https:\/\/zstu.tg.edu.pl\/wp-new\/wp-json\/wp\/v2\/pages\/1159\/revisions"}],"predecessor-version":[{"id":1160,"href":"https:\/\/zstu.tg.edu.pl\/wp-new\/wp-json\/wp\/v2\/pages\/1159\/revisions\/1160"}],"wp:attachment":[{"href":"https:\/\/zstu.tg.edu.pl\/wp-new\/wp-json\/wp\/v2\/media?parent=1159"}],"curies":[{"name":"wp","href":"https:\/\/api.w.org\/{rel}","templated":true}]}}

Szkoła dziś

<p class="wp-block-paragraph">Zespół Szkół Techniczno-Usługowych im. Jana Pawła II jest szkołą, która wrosła w tradycję miasta Tarnowskie Góry. Kształci w nowoczesnych zawodach poszukiwanych na rynku krajowym i europejskim. Absolwenci są dobrze przygotowani do podjęcia dalszego kształcenia i funkcjonowania w dynamicznie rozwijającym się świecie. Szkoła wspiera wszechstronny rozwój osobowości ucznia, dba o właściwe wychowanie młodzieży oparte na zasadach przyjaźni, wzajemnej pomocy, tolerancji, szacunku do drugiego człowieka. Posiada bogatą bazę dydaktyczną: pracownię teleinformatyczną, logistyczną, telekomunikacyjną. Szkoła jest wyposażona w dwie nowoczesne pracownie komputerowe z dostępem do Internetu oraz pracownie multimedialne, skomputeryzowaną bibliotekę z bogatym księgozbiorem, estetyczne sale lekcyjne, pracownie do nauki języków obcych, salę gimnastyczną, salę do tenisa stołowego, salę do zajęć z samoobrony, nowoczesne wielofunkcyjne boisko -Moje Boisko &#8222;Orlik 2012&#8221;.</p>



<p class="wp-block-paragraph">Zespół Szkół Techniczno-Usługowych to szkoła, w której panuje przyjazna i życzliwa atmosfera, a młodzież czuje się bezpiecznie. Zapewniamy uczniom bezpłatne praktyki zawodowe, pomoc psychologiczno-pedagogiczną oraz doradztwo zawodowe.</p>



<p class="wp-block-paragraph">Młodzież rozwija swoje zainteresowania uczestnicząc w różnych formach zajęć pozalekcyjnych. W szkole działa: Szkolny Klub Europejski, Samorząd Uczniowski, Powiatowa Rada Młodzieży, Szkolne Koło PCK, koło SKS (piłka ręczna, nożna, siatkowa, koszykowa i tenis stołowy), Koło Elektroniczne. W roku szkolnym 2006/2007 uczniowie korzystali z zajęć dodatkowych z języka angielskiego, języka niemieckiego, informatyki oraz z zajęć sportowych w ramach unijnego projektu &#8222;Uczymy się nie dla szkoły, lecz dla życia&#8221;. W nastepnym roku młodzież naszej szkoły wzięła udział w międzynarodowej wymianie w ramach projektu Socrates-Comenius i współpracowała z młodzieżą szkół średnich z Turcji i Francji. W roku 2011/2012 w szkole gościł asystent z Turcji w ramach projektu Comenius Asystentura.</p>



<p class="wp-block-paragraph">Od 2000 roku atrakcją Zespołu Szkół Techniczno-Usługowych jest VI Liceum Ogólnokształcące zwane mun</p>



<p class="wp-block-paragraph">durowym. To tutaj młodzież ma szanse zetknięcia się z tajnikami służby wojskowej, uczestniczyć w atrakcyjnych zajęciach z musztry i w wakacyjnym obozie wojskowym. Liceum to przygotowuje do pracy w służbach mundurowych. W roku szkolnym 2009/2010 utworzono kolejne klasy mundurowe, tym razem o specjalności policyjnej &#8211; &#8222;Policja w służbie dla społeczeństwa&#8221;.</p>



<p class="wp-block-paragraph">W kolejnym roku powstała klasa pożarnicza, gdzie realizowany jest program innowacyjny &#8222;Pożarnictwo &#8211; prewencja i walka z zagrożeniami&#8221;.</p>



<p class="wp-block-paragraph">W roku szkolnym 2012/2013 w VI LO funkcjonuje 11 oddziałów. Szkoła współpracuje<br>z 5 Tarnogórskim Pułkiem Chemicznym, z Komendą Powiatową Policji w Tarnowskich Górach,<br>z Komendą Powiatową Państwowej Straży Pożarnej w Tarnowskich Górach.</p>



<p class="wp-block-paragraph">16 października 2012 roku w ZSTU podpisano porozumienie pomiędzy Komendantem Powiatowym Policji w Tarnowskich Górach a Starostą Tarnogórskim w zakresie szeroko pojmowanej profilaktyki. Będzie ono obejmowało działania dydaktyczno-wychowawcze, dzięki którym uczniowie zdobędą wiedzę i umiejętności odnośnie bezpieczeństwa, przeciwdziałania patologiom oraz postępowania w sytuacjach zagrożenia młodzieży przestępczością i demoralizacją. Komendant Powiatowy Policji objął honorowym patronatem mundurowe klasy policyjne naszej szkoły.</p>



<p class="wp-block-paragraph">W Technikum nr 12 w roku szkolnym 2012/2013 istnieją 4 oddziały o specjalnościach technik logistyk i technik teleinformatyk. Szkoła przystąpiła do projektu &#8222;Mam zawód &#8211; mam pracę w regionie&#8221;. W ramach zajęć praktycznych szkoła współpracuje z firmami logistycznymi i teleinformatycznymi. Na szczególną uwagę zasługuje współpraca z Międzynarodowym Lotniskiem Katowice-Pyrzowice GTL S.A.</p>

<p>Zespół Szkół Techniczno-Usługowych im. Jana Pawła II jest szkołą, która wrosła w tradycję miasta Tarnowskie Góry. Kształci w nowoczesnych zawodach poszukiwanych na rynku krajowym i europejskim. Absolwenci są dobrze przygotowani do podjęcia dalszego kształcenia i funkcjonowania w dynamicznie rozwijającym się świecie. Szkoła wspiera wszechstronny rozwój osobowości ucznia, dba o właściwe wychowanie młodzieży oparte na zasadach [&hellip;]</p>
